 are the prime factors of 3458693?
7, 83, 5953
List the prime factors of 205878.
2, 3, 34313
List the prime factors of 1820520.
2, 3, 5, 13, 389
List the prime factors of 118875.
3, 5, 317
What are the prime factors of 4204419?
3, 173, 8101
What are the prime factors of 235194?
2, 3, 39199
What are the prime factors of 234399?
3, 11, 7103
What are the prime factors of 288941?
113, 2557
List the prime factors of 210278.
2, 47, 2237
List the prime factors of 29729634.
2, 3, 11, 17, 26497
List the prime factors of 95079.
3, 41, 773
List the prime factors of 12100313.
3307, 3659
What are the prime factors of 11562612?
2, 3, 113, 8527
List the prime factors of 272157.
3, 83, 1093
What are the prime factors of 699447?
3, 7, 19, 1753
What are the prime factors of 4584774?
2, 3, 23, 33223
What are the prime factors of 15509626?
2, 11, 704983
What are the prime factors of 19092615?
3, 5, 17, 74873
List the prime factors of 4803126.
2, 3, 800521
What are the prime factors of 9082254?
2, 3, 409, 3701
What are the prime factors of 2947128?
2, 3, 19, 23, 281
What are the prime factors of 263872?
2, 7, 19, 31
List the prime factors of 8490459.
3, 2830153
What are the prime factors of 842601?
3, 37, 7591
What are the prime factors of 465365?
5, 163, 571
List the prime factors of 15237615.
3, 5, 23, 29, 1523
What are the prime factors of 11682092?
2, 2920523
List the prime factors of 781537.
257, 3041
List the prime factors of 1018581.
3, 339527
What are the prime factors of 751640?
2, 5, 19, 23, 43
What are the prime factors of 6851348?
2, 7, 244691
What are the prime factors of 18893833?
7, 23, 117353
What are the prime factors of 1385778?
2, 3, 71, 3253
List the prime factors of 393836.
2, 98459
List the prime factors of 2060388.
2, 3, 11, 43
What are the prime factors of 26320041?
3, 11, 24169
List the prime factors of 6939893.
17, 408229
What are the prime factors of 577868?
2, 73, 1979
What are the prime factors of 19493030?
2, 5, 271, 7193
List the prime factors of 183892.
2, 31, 1483
List the prime factors of 55819.
55819
What are the prime factors of 1914097?
1914097
List the prime factors of 21702617.
19, 1142243
List the prime factors of 394421.
19, 20759
What are the prime factors of 2564323?
2564323
What are the prime factors of 2207306?
2, 19, 29, 2003
What are the prime factors of 1185106?
2, 13, 19, 2399
List the prime factors of 1113614.
2, 23, 43, 563
List the prime factors of 11339272.
2, 7, 17, 43, 277
List the prime factors of 3002642.
2, 17, 47, 1879
List the prime factors of 27895054.
2, 11, 1267957
List the prime factors of 28729.
28729
List the prime factors of 218076.
2, 3, 17, 1069
What are the prime factors of 14019521?
59, 237619
What are the prime factors of 913711?
941, 971
What are the prime factors of 451430?
2, 5, 7, 6449
List the prime factors of 45959.
45959
List the prime factors of 2617842.
2, 3, 436307
What are the prime factors of 8921643?
3, 2973881
List the prime factors of 1773613.
1773613
List the prime factors of 20312984.
2, 2539123
What are the prime factors of 719598?
2, 3, 11, 10903
What are the prime factors of 275852?
2, 68963
List the prime factors of 744152.
2, 167, 557
What are the prime factors of 2288618?
2, 47, 97, 251
What are the prime factors of 688532?
2, 13, 13241
List the prime factors of 325996.
2, 11, 31, 239
List the prime factors of 905475.
3, 5, 12073
List the prime factors of 1818004.
2, 454501
List the prime factors of 2034182.
2, 307, 3313
What are the prime factors of 3636700?
2, 5, 41, 887
List the prime factors of 1874065.
5, 19, 19727
List the prime factors of 1471901.
71, 20731
List the prime factors of 1750023.
3, 11, 1607
List the prime factors of 1012135.
5, 37, 5471
List the prime factors of 1201677.
3, 400559
List the prime factors of 310415.
5, 7, 181
List the prime factors of 57441.
3, 41, 467
What are the prime factors of 5022399?
3, 1674133
What are the prime factors of 963429?
3, 321143
List the prime factors of 14156450.
2, 5, 7, 11, 3677
List the prime factors of 1156974.
2, 3, 7, 13, 163
What are the prime factors of 8494566?
2, 3, 523, 2707
What are the prime factors of 1925096?
2, 331, 727
List the prime factors of 3563838.
2, 3, 7333
What are the prime factors of 15397884?
2, 3, 142573
List the prime factors of 36794757.
3, 821, 14939
What are the prime factors of 262014?
2, 3, 43669
What are the prime factors of 782080?
2, 5, 13, 47
What are the prime factors of 2230919?
1277, 1747
List the prime factors of 623110.
2, 5, 62311
List the prime factors of 14932483.
31, 481693
What are the prime factors of 2685599?
7, 383657
What are the prime factors of 504711?
3, 31, 67
What are the prime factors of 496433?
7, 70919
What are the prime factors of 599022?
2, 3, 11093
List the prime factors of 142927.
47, 3041
What are the prime factors of 18947985?
3, 5, 7, 181, 997
What are the prime factors of 326880?
2, 3, 5, 227
What are the prime factors of 2321261?
83, 27967
List the prime factors of 218576.
2, 19, 719
List the prime factors of 551720.
2, 5, 13, 1061
List the prime factors of 132035.
5, 26407
What are the prime factors of 1325882?
2, 662941
What are the prime factors of 1224039?
3, 241, 1693
List the prime factors of 793699.
793699
What are the prime factors of 141754?
2, 70877
List the prime factors of 151407.
3, 16823
What are the prime factors of 1432271?
1432271
List the prime factors of 15340120.
2, 5, 17, 1327
What are the prime factors of 389833?
349, 1117
What are the prime factors of 4494924?
2, 3, 7, 17837
What are the prime factors of 642728?
2, 80341
List the prime factors of 265873.
265873
What are the prime factors of 3019193?
101, 167, 179
What are the prime factors of 1079303?
67, 89, 181
List the prime factors of 1119330.
2, 3, 5, 12437
What are the prime factors of 619895?
5, 123979
What are the prime factors of 10321459?
2003, 5153
What are the prime factors of 205193?
449, 457
What are the prime factors of 872760?
2, 3, 5, 7, 1039
List the prime factors of 61191.
3, 13, 523
What are the prime factors of 2883442?
2, 1441721
List the prime factors of 4272821.
7, 227, 2689
What are the prime factors of 323508?
2, 3, 26959
What are the prime factors of 193255?
5, 38651
What are the prime factors of 558023?
181, 3083
List the prime factors of 436846.
2, 218423
What are the prime factors of 331220?
2, 5, 16561
List the prime factors of 6094070.
2, 5, 609407
What are the prime factors of 216666?
2, 3, 12037
List the prime factors of 185750.
2, 5, 743
What are the prime factors of 12665214?
2, 3, 234541
List the prime factors of 309577.
309577
List the prime factors of 201932.
2, 19, 2657
What are the prime factors of 40008?
2, 3, 1667
List the prime factors of 155774.
2, 71, 1097
List the prime factors of 581540.
2, 5, 29077
What are the prime factors of 160406?
2, 139, 577
What are the prime factors of 1741125?
3, 5, 4643
List the prime factors of 10887812.
2, 13, 209381
What are the prime factors of 17444?
2, 7, 89
What are the prime factors of 350839?
79, 4441
What are the prime factors of 1234876?
2, 139, 2221
List the prime factors of 28353254.
2, 43, 439, 751
What are the prime factors of 106111?
29, 3659
List the prime factors of 429275.
5, 7, 11, 223
What are the prime factors of 10279255?
5, 7, 509, 577
List the prime factors of 14825313.
3, 41, 40177
What are the prime factors of 2636086?
2, 313, 4211
List the prime factors of 7505594.
2, 349, 10753
List the prime factors of 260207.
260207
What are the prime factors of 297303?
3, 113, 877
List the prime factors of 8803817.
11, 37, 97, 223
What are the prime factors of 3055591?
7, 11, 5669
List the prime factors of 104829.
3, 83, 421
List the prime factors of 804518.
2, 11, 13, 29, 97
What are the prime factors of 538240?
2, 5, 29
List the prime factors of 1831552.
2, 41, 349
List the prime factors of 249067.
7, 13, 17, 23
List the prime factors of 16557662.
2, 11, 103, 7307
What are the prime factors of 1870291?
23, 233, 349
What are the prime factors of 4709950?
2, 5, 7, 13457
List the prime factors of 969106.
2, 179, 2707
List the prime factors of 751510.
2, 5, 223, 337
What are the prime factors of 30179?
103, 293
List the prime factors of 1929573.
3, 29, 7393
What are the prime factor